 a composite number?
True
Is 33678481 a composite number?
False
Is 127870087 a prime number?
False
Is 11166031 composite?
False
Is 156413143 composite?
False
Is 942239 composite?
True
Is 926129 a composite number?
False
Is 3247499 composite?
True
Is 9207391 a composite number?
True
Is 593950207 composite?
True
Is 1268509 a composite number?
True
Is 30276289 a composite number?
False
Is 246382621 a prime number?
False
Is 2630521 prime?
True
Is 262359257 a prime number?
True
Is 1419179 a composite number?
False
Is 74204233 prime?
False
Is 24862771 a composite number?
False
Is 4421093 composite?
True
Is 63929389 prime?
True
Is 3365189 a prime number?
False
Is 67197797 prime?
False
Is 2284537 a prime number?
True
Is 103446257 prime?
False
Is 230738699 a prime number?
True
Is 162366261 prime?
False
Is 49661 composite?
True
Is 21413677 a composite number?
False
Is 2657687 prime?
True
Is 13912813 prime?
False
Is 744521893 a prime number?
True
Is 92485603 prime?
False
Is 537619 a composite number?
True
Is 1618817 prime?
True
Is 319713707 prime?
False
Is 3133513 prime?
True
Is 141541041 prime?
False
Is 22755949 a composite number?
False
Is 3322043 composite?
False
Is 182531369 a composite number?
True
Is 3435671 a composite number?
True
Is 5199083 a prime number?
True
Is 12727289 a prime number?
True
Is 40411241 a composite number?
True
Is 2569093 prime?
True
Is 22456169 a composite number?
False
Is 118441571 prime?
True
Is 72200119 composite?
False
Is 12328223 a prime number?
True
Is 1390297 a prime number?
True
Is 3901241 a prime number?
False
Is 4494697 prime?
False
Is 1466371 composite?
False
Is 284251687 a prime number?
False
Is 242133293 a prime number?
False
Is 301289 a prime number?
False
Is 95327679 composite?
True
Is 376057189 prime?
False
Is 32039497 composite?
True
Is 193143157 a prime number?
True
Is 1760761 prime?
False
Is 74487089 a prime number?
True
Is 318570193 a prime number?
False
Is 5453869 prime?
True
Is 87421079 prime?
False
Is 7964623 a composite number?
False
Is 30190717 a composite number?
False
Is 5393623 prime?
False
Is 1700042 prime?
False
Is 2554582385 composite?
True
Is 7548773 a prime number?
False
Is 23878613 composite?
True
Is 3737239 composite?
True
Is 3147043 a prime number?
False
Is 225439 composite?
True
Is 1244527 prime?
False
Is 15430399 composite?
False
Is 879383 a prime number?
False
Is 5256419 a composite number?
True
Is 328626173 composite?
True
Is 2304139 prime?
True
Is 104501141 prime?
True
Is 6779777 a prime number?
True
Is 470863 prime?
True
Is 33195307 composite?
False
Is 1904509 prime?
True
Is 1906313 prime?
False
Is 18200207 a prime number?
False
Is 33868699 prime?
False
Is 66166041 a prime number?
False
Is 35149333 a prime number?
True
Is 2380951 a prime number?
True
Is 266669791 prime?
False
Is 44963305 a prime number?
False
Is 5831429 composite?
True
Is 3714617 prime?
True
Is 387013063 composite?
True
Is 41828497 a prime number?
False
Is 10819571 a prime number?
False
Is 45166777 a composite number?
True
Is 2495093 composite?
True
Is 68438237 prime?
False
Is 65189081 composite?
False
Is 244343153 a prime number?
False
Is 303119 prime?
True
Is 558657157 composite?
True
Is 98287303 composite?
True
Is 64323673 composite?
True
Is 126729739 a prime number?
False
Is 975881 prime?
False
Is 368446961 a composite number?
False
Is 15354155 a composite number?
True
Is 226958029 a prime number?
True
Is 4255341 prime?
False
Is 24157583 composite?
False
Is 3970597 a prime number?
False
Is 679493 composite?
True
Is 38301391 a prime number?
False
Is 1436503 composite?
True
Is 1525701 prime?
False
Is 96912083 a prime number?
False
Is 68977 a composite number?
True
Is 57142478 a composite number?
True
Is 480409 composite?
False
Is 54651511 prime?
True
Is 16350391 a composite number?
True
Is 13906393 prime?
True
Is 30767863 composite?
True
Is 6749039 prime?
False
Is 2021947 composite?
True
Is 127322563 prime?
False
Is 7433977 a prime number?
False
Is 1036411 prime?
True
Is 1952999 a composite number?
True
Is 1583027 a composite number?
False
Is 3182051 a composite number?
True
Is 2122951 a composite number?
True
Is 1996537 a composite number?
True
Is 13923863 prime?
True
Is 423211 a prime number?
False
Is 17826479 a composite number?
True
Is 11429779 a prime number?
True
Is 1661389 prime?
False
Is 1011797 composite?
False
Is 230916757 composite?
True
Is 126869851 prime?
True
Is 85276003 composite?
False
Is 109154431 a prime number?
False
Is 59324443 a composite number?
False
Is 3399713 a prime number?
False
Is 32720323 a prime number?
False
Is 656757107 composite?
True
Is 1336613 prime?
True
Is 33091213 prime?
False
Is 2873837 composite?
False
Is 3277039 a prime number?
False
Is 44761 composite?
True
Is 62654237 a prime number?
True
Is 35059063 a prime number?
False
Is 45040109 prime?
True
Is 2404009 a prime number?
True
Is 394073 composite?
False
Is 1230881 a prime number?
True
Is 22711673 a prime number?
False
Is 2589781 a prime number?
False
Is 3809891 a prime number?
True
Is 4068343 prime?
True
Is 22125549 prime?
False
Is 36177329 composite?
True
Is 379544377 a prime number?
False
Is 40852349 composite?
True
Is 50716727 prime?
False
Is 2238073 composite?
True
Is 52855631 prime?
True
Is 16985747 composite?
False
Is 1441222 a composite number?
True
Is 2015999 prime?
True
Is 14518853 a composite number?
False
Is 11063623 prime?
True
Is 47778427 a composite number?
True
Is 18182579 composite?
False
Is 5865019 composite?
False
Is 67967923 a composite number?
True
Is 3203099 a composite number?
False
Is 7082807 a composite number?
False
Is 885641 a composite number?
True
Is 382970773 prime?
False
Is 1228583 composite?
False
Is 242036031 a prime number?
False
Is 1013563 composite?
False
Is 1517813 composite?
True
Is 29000039 a prime number?
True
Is 24203117 composite?
False
Is 3958403 composite?
True
Is 2499217 a composite number?
True
Is 1471271 a composite number?
False
Is 46823693 prime?
False
Is 10650719 a composite number?
True
Is 39685403 a composite number?
False
Is 11164091 composite?
False
Is 5566597 a composite number?
False
Is 1421129 a prime number?
False
Is 17207453 a prime number?
True
Is 39121963 prime?
True
Is 268949 prime?
False
Is 108370189 a composite number?
True
Is 22054913 a composite number?
False
Is 3074189 a prime number?
True
Is 137035187 prime?
True
Is 347962291 composite?
True
Is 4311851 composite?
True
Is 3553163 prime?
True
Is 1749067 composite?
False
Is 38248519 a prime number?
True
Is 183974185 prime?
False
Is 2034439 a prime number?
False
Is 42208539 prime?
False
Is 29786441 prime?
False
Is 21467609 a prime number?
True
Is 42159437 prime?
False
Is 183444371 a prime number?
False
Is 8528411 prime?
True
Is 5751229 a composite number?
True
Is 240931687 composite?
True
Is 211723835 a composite number?
True
Is 94954481 a composite number?
True
Is 27213331 a prime number?
True
Is 29605361 prime?
True
Is 27788821 prime?
False
Is 3279949 composite?
False
Is 54371401 composite?
True
Is 494369 a prime number?
True
Is 1562801 a composite number?
True
Is 26223941 prime?
True
Is 13634063 a composite number?
False
Is 35802919 a composite number?
False
Is 7287349 a composite number?
True
Is 8217997 a composite number?
True
Is 504926747 prime?
False
Is 3416503 composite?
False
Is 86096741 composite?
True
Is 1426633 prime?
False
Is 58911061 composite?
True
Is 74054317 composite?
True
Is 3337339 composite?
False
Is 179947811 composite?
True
Is 1045691 prime?
True
Is 1725767 composite?
False
Is 5241143 a composite number?
False
Is 13414897 a composite number?
False
Is 596521 composite?
True
Is 35850517 a composite number?
False
Is 2254973 composite?
True
Is 20090801 a composite number?
False
Is 2238557 a composite number?
False
Is 233743 a prime number?
True
Is 1206043 prime?
True
Is 500603 a prime number?
True
Is 134191823 composite?
False
Is 58087927 a prime number?
True
Is 1298377 a prime number?
False
Is 93921 prime?
False
Is 295018127 a prime number?
True
Is 3902369 prime?
True
Is 96763231 composite?
True
Is 78255943 a composite number?
False
Is 36057937 a composite number?
False
Is 21382531 prime?
True
Is 52977997 composite?
False
Is 20699369 a composite number?
True
Is 78083237 prime?
False
Is 1